inder when 22 is divided by v.
7
Let z be (-4)/(4/(-5)) + 0. Calculate the remainder when 31 is divided by z/(15/(-9)) - -14.
9
Let h(i) be the second derivative of -i + 0*i**2 - 5/3*i**3 + 0. Calculate the remainder when h(-4) is divided by 21.
19
Let w be (-818)/(-6) - (-2)/(-6). Let t = w - 85. Calculate the remainder when t is divided by 13.
12
Suppose -2*o = 4*q - 80, -12*q - 28 = -14*q + 5*o. Suppose -5*b - 5*j + 143 + 22 = 0, 3*b - j = 115. Calculate the remainder when b is divided by q.
18
Let i(l) = -27*l - 15. Let j(k) = -14*k - 8. Let z(g) = -6*i(g) + 11*j(g). Calculate the remainder when z(3) is divided by 9.
8
Suppose 4*r + 20 = 0, u + 2*u - 2*r = 169. What is the remainder when u is divided by 19?
15
Suppose -2*u + 5*u = 48. Calculate the remainder when u is divided by 9.
7
Let o(a) = -a**3 + 12*a**2 - 2*a + 4. Let k be o(12). Calculate the remainder when ((-8)/k)/(-1)*-25 is divided by 3 + 1 - (0 + 0).
2
Let v(x) = 8*x**2 + 1. Let k(m) = -m**3 - 4*m**2 + 8*m + 9. What is the remainder when k(-6) is divided by v(1)?
6
Suppose -2*o = o - 54. Suppose -78 = -3*g - o. What is the remainder when 38 is divided by g?
18
What is the remainder when (-9)/((-18)/8) - -2 is divided by 4?
2
Let i = -18 + 27. What is the remainder when 17 is divided by i?
8
Let z be 6*1/(-2) + 9. Suppose -s + z*s = 0, -k = -3*s - 22. Calculate the remainder when k is divided by 8.
6
Let t(k) = k**2 - k - 1. Let w(b) = 5*b - 6. Let f(o) = 2*t(o) - w(o). Suppose 3*i = 2*i + 21. Calculate the remainder when i is divided by f(4).
5
Suppose -5*i + 61 = 3*w, -2*i - w - 73 = -7*i. What is the remainder when 52 is divided by i?
10
Suppose -5*h - 10 = 0, 6 - 46 = -2*n - 2*h. Let k = 32 + 11. What is the remainder when k is divided by n?
21
Suppose -5*x + 3*o = -7, 3 = -0*x + 2*x - o. Suppose -x*j = -8, 0*f - 5*f + 5*j = -5. What is the remainder when 17 is divided by f?
2
Let k = 157 + -41. What is the remainder when k is divided by 17?
14
Suppose 4*o = -0*o. Suppose -5*w - 3*k + 167 = o, -4*k + 16 = -0*k. Calculate the remainder when w is divided by 1/1 - 1 - -11.
9
Suppose -10 = -5*a - 0*a. Let m = 70 + -68. Calculate the remainder when m is divided by a.
0
Suppose -3*w + 33 = -3. Let t = 23 - -23. Calculate the remainder when t is divided by w.
10
Let n = 8 - 1. Suppose p = 5*p - 12. Suppose -7 - 5 = -p*v. Calculate the remainder when n is divided by v.
3
Suppose 50 + 113 = 5*q + 3*t, 0 = -2*q - 2*t + 62. Let u(p) = -6*p - 3. Calculate the remainder when q is divided by u(-2).
8
Let u(x) = x**3 - 6*x**2 + 2*x + 1. Suppose -5*f - 4*q - 1 = 0, -2*f = -7*f - 5*q. Let o be ((-3)/6)/(f/12). What is the remainder when u(o) is divided by 5?
3
Let o = 28 + -16. What is the remainder when ((-6)/(-4))/(2/o) is divided by 5?
4
Let p = 24 - 8. Let k = 2 + 3. Calculate the remainder when p is divided by 9*1*(k - 4).
7
Suppose -3*j + 124 = 2*i - 269, -i + 5*j = -229. What is the remainder when i is divided by 41?
40
Let r = 87 + -70. Calculate the remainder when r is divided by 6.
5
Let v = -35 + 50. Let l = 5 + -3. Suppose -l*j - 98 = -2*x - 5*j, -2*j = x - 51. What is the remainder when x is divided by v?
13
Let b = 6 + -13. Let r = b - -12. Calculate the remainder when 9 is divided by r.
4
Let w(j) = -j**2 + j + 46. Calculate the remainder when w(0) is divided by 3/2*(-32)/(-3).
14
Suppose 36 = -3*a + 6*a. What is the remainder when 20 is divided by a?
8
Let u(w) = w + 4. What is the remainder when u(11) is divided by 8?
7
Let p(j) = -8*j**3 - 2*j - 9. Let r(l) = 23*l**3 + 5*l + 26. Let m(g) = 17*p(g) + 6*r(g). What is the remainder when m(2) is divided by 7?
4
Suppose b = 3*u - 3, 4*b = -0*u - u - 25. Let h(g) be the second derivative of -g**3/3 - g**2/2 + g. What is the remainder when h(b) is divided by 4?
3
Let o(x) = -x**3 - x**2 + x - 13. Let u be o(0). Let n be 2 + 1 + -2 - u. Let d = -3 + n. What is the remainder when 31 is divided by d?
9
Suppose -h = -6*h + 130. Calculate the remainder when 75 is divided by h.
23
Let f(o) = -o**3 - 15*o**2 - 16*o - 9. Let g(a) = -a**2 - 6*a + 13. Let h be g(-9). Calculate the remainder when f(h) is divided by 12.
7
Let h = -41 + 8. Let r = -6 - h. Let n = -12 - -19. Calculate the remainder when r is divided by n.
6
Let c = -16 + 58. Suppose -y = y - c. What is the remainder when y is divided by 12?
9
Let l be 1/2*0 + -9. Let p(i) = -2*i + 1. Calculate the remainder when p(l) is divided by ((-1)/3)/(2/(-42)).
5
Let n(a) = 26*a**2 + 1. Let r be n(-1). Suppose 3*s - b = 46, 3 = -2*s - b + r. Calculate the remainder when 39 is divided by s.
11
Let z(i) = -i**3 - 15*i**2 + 12. What is the remainder when 35 is divided by z(-15)?
11
Suppose -4*i = -164 - 76. Suppose i = y + 2*y - 4*q, 2*q = -5*y + 74. Suppose 55 = 6*v - 125. Calculate the remainder when v is divided by y.
14
Suppose -532 + 460 = -3*h. Let y = 128 - 57. Calculate the remainder when y is divided by h.
23
Let m = -5 - -5. Let t(u) = m - u + 3 - 4. Calculate the remainder when 6 is divided by t(-5).
2
Suppose -3*b = -6*b + 12. Suppose -3*d + 46 = z, 3*d - 15 = 5*z + 7. What is the remainder when d is divided by b?
2
Let p be 0/(2/(2/2)). Suppose -6 = -p*c - c. What is the remainder when c is divided by 2?
0
Let y(c) = c - 1. Let i(t) = -5*t + 8. Let b(g) = -6*g + 8. Let j(k) = -4*b(k) + 5*i(k). Calculate the remainder when y(3) is divided by j(7).
0
Suppose 2*l + 2*o - 4*o - 290 = 0, -o = 3*l - 443. What is the remainder when l is divided by 30?
27
Suppose -q + 71 = 4*j, j - 6*q + 4*q - 11 = 0. What is the remainder when j is divided by 5?
2
Suppose 6 = -3*c - 5*o, 6 = 4*c - 5*c - 3*o. Calculate the remainder when 19 is divided by c.
1
Let v(j) = j + 19. What is the remainder when 52 is divided by v(-8)?
8
Suppose -2*p - 15 = -3*g, -12 - 13 = -5*g - 2*p. Suppose 3*i - 96 = g*b, 4*i = -0*i - 5*b + 163. What is the remainder when i is divided by 10?
7
Let s be 43/4 + (-4)/(-16). Suppose 8 = -v + 3*v. Suppose 3*f = v*f - s. Calculate the remainder when f is divided by 4.
3
What is the remainder when 21 is divided by 5/(-10)*-4 + 5 + 1?
5
Let y = 72 - 26. Let j(s) = 4*s + 4. Calculate the remainder when y is divided by j(3).
14
Let r = 34 + -17. Calculate the remainder when 48 is divided by r.
14
Let d = -36 + 59. Let i = -8 - -5. Calculate the remainder when (-1005)/(-45)*i/(-1) is divided by d.
21
Let p be (-2)/4 - 65/(-2). Suppose p + 0 = k. Calculate the remainder when 95 is divided by k.
31
Suppose 0 = d - 3*z - 22, -3*z - 1 - 1 = d. Let u(i) = i**2 + 10*i + 16. What is the remainder when u(-11) is divided by d?
7
Suppose 2 = 3*k - 13. Let c = k - -1. Let v(x) = 10*x - 3. What is the remainder when v(2) is divided by c?
5
Let v(k) = k**3 - 3*k**2 - k + 2. Let f(o) = -o + 6. Let i be f(3). Let g be v(i). Calculate the remainder when 20 is divided by (0 + g)/(2/(-22)).
9
Suppose -2*j - 3*o - 6 = -40, 0 = 4*j - 4*o - 88. Suppose -j = -k - 3*k. Calculate the remainder when 12 is divided by k.
2
Suppose 0 = 6*d - d. Suppose 3*k + 2*g = 38 + 37, 5*k + 3*g - 126 = d. Calculate the remainder when k is divided by (42/18)/((-1)/(-6)).
13
Calculate the remainder when 4/(-10) - 114/(-10) is divided by 64/10 - (-2)/(-5).
5
Let a(l) = l**2 + 6*l - 25. Calculate the remainder when 2/(-4) + (-117)/(-2) is divided by a(-10).
13
Suppose -3*o = 2*j - 13, -2*j - 4*o = o - 15. Let b = -6 + 11. Suppose -19 = 4*u - y - 81, j*y + 85 = b*u. What is the remainder when u is divided by 8?
7
Suppose 0 = -5*a + 4*d + d + 75, -3*a - d + 57 = 0. Let l(m) = -m - 84. Let y be l(0). Let p = y - -137. What is the remainder when p is divided by a?
17
Suppose 2*c - 20 = -2*c. Calculate the remainder when 24 is divided by c.
4
Let l = -7 + 11. Suppose l*t + 58 + 7 = 5*f, 0 = -2*f + 3*t + 26. Suppose o + 5*r - 18 = f, 3*r = 2*o - 23. Calculate the remainder when o is divided by 6.
4
Let i = -17 - -60. What is the remainder when i is divided by 11?
10
Let b(z) be the second derivative of 1/2*z**2 + 0 + 3*z + 13/6*z**3. What is the remainder when 41 is divided by b(1)?
13
Let i(w) = 6 - 6*w**2 - 6 - 13*w + 5*w**2 - 9. Calculate the remainder when i(-12) is divided by 1.
0
Let u = 28 + -11. Calculate the remainder when u is divided by 5.
2
Let f = -1 - -2. Calculate the remainder when 2 is divided by f.
0
Let g(d) 